{"id":966,"date":"2015-07-27T02:07:22","date_gmt":"2015-07-27T02:07:22","guid":{"rendered":"http:\/\/www.adcap.org.br\/v2\/?page_id=966"},"modified":"2021-11-17T17:44:52","modified_gmt":"2021-11-17T17:44:52","slug":"plano-de-acoes","status":"publish","type":"page","link":"https:\/\/adcap.org.br\/index.php\/institucional\/plano-de-acoes\/","title":{"rendered":"Plano de A\u00e7\u00f5es"},"content":{"rendered":"<p style=\"text-align: center;\"><strong>PLANEJAMENTO ESTRAT\u00c9GICO ADCAP<\/strong><\/p>\n<p style=\"text-align: center;\"><strong>2019-2022<\/strong><\/p>\n<p style=\"text-align: justify;\"><strong>VIS\u00c3O:<\/strong><\/p>\n<p style=\"text-align: justify;\">Ser reconhecida como a mais efetiva e atuante entidade representativa dos profissionais ligados ao setor postal<\/p>\n<p style=\"text-align: justify;\"><strong>MISS\u00c3O:<\/strong><\/p>\n<p style=\"text-align: justify;\">Representar os associados na defesa dos seus interesses coletivos e individuais, atuando no desenvolvimento sustent\u00e1vel dos Correios, na manuten\u00e7\u00e3o dos planos de previd\u00eancia do POSTALIS e do benef\u00edcio de sa\u00fade agindo em todos os ambientes: pol\u00edtico, jur\u00eddico e administrativo, visando ao benef\u00edcio dos associados e de toda sociedade brasileira.<\/p>\n<p style=\"text-align: justify;\"><strong>VALORES:<\/strong><\/p>\n<p style=\"text-align: justify;\">\u00c9tica nas rela\u00e7\u00f5es.<\/p>\n<p style=\"text-align: justify;\">Respeito \u00e0s necessidades dos associados, parceiros e Institui\u00e7\u00f5es de relacionamento.<\/p>\n<p style=\"text-align: justify;\">Efici\u00eancia profissional.<\/p>\n<p style=\"text-align: justify;\">Valoriza\u00e7\u00e3o da cidadania<\/p>\n<p style=\"text-align: justify;\">Efetiva participa\u00e7\u00e3o social.<\/p>\n<p style=\"text-align: justify;\">Respeito \u00e0 vida, com qualidade, como bem maior da humanidade.<\/p>\n<p style=\"text-align: justify;\"><strong>OBJETIVOS ESTRAT\u00c9GICOS:<\/strong><\/p>\n<p style=\"text-align: justify;\">Aumentar o n\u00famero de associados.<\/p>\n<p style=\"text-align: justify;\">Reestruturar os \u00f3rg\u00e3os de gest\u00e3o da ADCAP visando maior agilidade, economicidade e efetividade no atendimento aos associados.<\/p>\n<p style=\"text-align: justify;\">Melhorar o n\u00edvel de satisfa\u00e7\u00e3o dos associados.<\/p>\n<p style=\"text-align: justify;\"><strong>METAS DE GEST\u00c3O AT\u00c9 2022:<\/strong><\/p>\n<p style=\"text-align: justify;\">Aumentar em 50% o n\u00famero de associados em rela\u00e7\u00e3o \u00e0 31\/12\/2018.<\/p>\n<p style=\"text-align: justify;\">Reduzir os gastos Administrativos da ADCAP (Nacional e N\u00facleos) em 30% em rela\u00e7\u00e3o a 2019.<\/p>\n<p style=\"text-align: justify;\">Melhorar o n\u00edvel de satisfa\u00e7\u00e3o em rela\u00e7\u00e3o ao primeiro semestre de 2019.<\/p>\n<p>&nbsp;<\/p>\n","protected":false},"excerpt":{"rendered":"<p>PLANEJAMENTO ESTRAT\u00c9GICO ADCAP 2019-2022 VIS\u00c3O: Ser reconhecida como a mais efetiva e atuante entidade representativa dos profissionais ligados ao setor postal MISS\u00c3O: Representar os associados na defesa dos seus interesses&hellip;<\/p>\n","protected":false},"author":1,"featured_media":0,"parent":938,"menu_order":0,"comment_status":"closed","ping_status":"closed","template":"","meta":{"_editorskit_title_hidden":false,"_editorskit_reading_time":0,"_editorskit_is_block_options_detached":false,"_editorskit_block_options_position":"{}","footnotes":""},"aioseo_notices":[],"_links":{"self":[{"href":"https:\/\/adcap.org.br\/index.php\/wp-json\/wp\/v2\/pages\/966"}],"collection":[{"href":"https:\/\/adcap.org.br\/index.php\/wp-json\/wp\/v2\/pages"}],"about":[{"href":"https:\/\/adcap.org.br\/index.php\/wp-json\/wp\/v2\/types\/page"}],"author":[{"embeddable":true,"href":"https:\/\/adcap.org.br\/index.php\/wp-json\/wp\/v2\/users\/1"}],"replies":[{"embeddable":true,"href":"https:\/\/adcap.org.br\/index.php\/wp-json\/wp\/v2\/comments?post=966"}],"version-history":[{"count":0,"href":"https:\/\/adcap.org.br\/index.php\/wp-json\/wp\/v2\/pages\/966\/revisions"}],"up":[{"embeddable":true,"href":"https:\/\/adcap.org.br\/index.php\/wp-json\/wp\/v2\/pages\/938"}],"wp:attachment":[{"href":"https:\/\/adcap.org.br\/index.php\/wp-json\/wp\/v2\/media?parent=966"}],"curies":[{"name":"wp","href":"https:\/\/api.w.org\/{rel}","templated":true}]}}