{"id":951,"date":"2015-07-27T01:51:34","date_gmt":"2015-07-27T01:51:34","guid":{"rendered":"http:\/\/www.adcap.org.br\/v2\/?page_id=951"},"modified":"2025-10-29T13:38:49","modified_gmt":"2025-10-29T13:38:49","slug":"estatuto","status":"publish","type":"page","link":"https:\/\/adcap.org.br\/index.php\/institucional\/estatuto\/","title":{"rendered":"Estatuto"},"content":{"rendered":"[vc_row][vc_column][vc_btn title=&#8221;Clique Aqui para baixar o Estatuto &#8221; style=&#8221;flat&#8221; color=&#8221;green&#8221; i_icon_fontawesome=&#8221;fa fa-cloud-download&#8221; add_icon=&#8221;true&#8221; link=&#8221;url:https%3A%2F%2Fadcap.org.br%2Fwp-content%2Fuploads%2Festatuto.pdf|title:Estatuto|target:%20_blank|&#8221;][\/vc_column][\/vc_row][vc_row][vc_column][vc_column_text]\n<p class=\"ecxMsoNormal\" style=\"text-align: justify;\"><b>ESTATUTO<\/b><\/p>\n<p class=\"ecxMsoNormal\" style=\"text-align: justify;\"><b>CAPITULO I<\/b><\/p>\n<p class=\"ecxMsoNormal\" style=\"text-align: justify;\"><b>Da Associa\u00e7\u00e3o dos Profissionais dos Correios \u2013 ADCAP<\/b><b>\u00a0<\/b><\/p>\n<p style=\"text-align: justify;\"><strong>Art. 1<\/strong> &#8211; <strong>A ASSOCIA\u00c7\u00c3O DOS PROFISSIONAIS DOS CORREIOS<\/strong> \u00e9 a sucessora legal da ASSOCIA\u00c7\u00c3O DOS PROFISSIONAIS DE N\u00cdVEIS SUPERIOR, T\u00c9CNICO E M\u00c9DIO DA ECT &#8211; ADCAP, que por sua vez sucedeu a ASSOCIA\u00c7\u00c3O DOS PROFISSIONAIS DE N\u00cdVEL SUPERIOR E T\u00c9CNICO DA ECT &#8211; ADCAP, que por sua vez, sucedeu a ASSOCIA\u00c7\u00c3O PROFISSIONAL DOS EMPREGADOS DE N\u00cdVEL SUPERIOR DA ECT \u2013 ADCAP, e que por sua vez, sucedeu A ASSOCIA\u00c7\u00c3O DOS DIPLOMADOS DO CURSO SUPERIOR DE ADMINISTRA\u00c7\u00c3O POSTAL fundada em 20 de dezembro de 1986, na cidade de S\u00e3o Paulo, Estado de S\u00e3o Paulo, \u00e9 uma Associa\u00e7\u00e3o civil, sem fins lucrativos e de dura\u00e7\u00e3o indeterminada, de car\u00e1ter representativo, recreativo e cultural, com sede e foro na cidade de Bras\u00edlia, Distrito Federal.<\/p>\n<p>&nbsp;<\/p>\n<p><strong>Conhe\u00e7a AQUI<\/strong><\/p>\n<ul>\n<li><strong>Ata de aprova\u00e7\u00e3o do Regimento do Conselho Nacional:<span style=\"color: #0000ff;\"> <a style=\"color: #0000ff;\" href=\"https:\/\/adcap.org.br\/wp-content\/uploads\/Ata-aprovacao-regimento-Registrado.pdf\">https:\/\/adcap.org.br\/wp-content\/uploads\/Ata-aprovacao-regimento-Registrado.pdf<\/a><\/span><\/strong><\/li>\n<\/ul>\n<ul>\n<li><strong>Regimento do Conselho Nacional: <span style=\"color: #0000ff;\"><a style=\"color: #0000ff;\" href=\"https:\/\/adcap.org.br\/wp-content\/uploads\/Regimento-CN.pdf\">https:\/\/adcap.org.br\/wp-content\/uploads\/Regimento-CN.pdf<\/a><\/span><\/strong><\/li>\n<\/ul>\n[\/vc_column_text][\/vc_column][\/vc_row]\n","protected":false},"excerpt":{"rendered":"<p>[vc_row][vc_column][vc_btn title=&#8221;Clique Aqui para baixar o Estatuto &#8221; style=&#8221;flat&#8221; color=&#8221;green&#8221; i_icon_fontawesome=&#8221;fa fa-cloud-download&#8221; add_icon=&#8221;true&#8221; link=&#8221;url:https%3A%2F%2Fadcap.org.br%2Fwp-content%2Fuploads%2Festatuto.pdf|title:Estatuto|target:%20_blank|&#8221;][\/vc_column][\/vc_row][vc_row][vc_column][vc_column_text] ESTATUTO CAPITULO I Da Associa\u00e7\u00e3o dos Profissionais dos Correios \u2013 ADCAP\u00a0 Art. 1 &#8211; A ASSOCIA\u00c7\u00c3O&hellip;<\/p>\n","protected":false},"author":1,"featured_media":0,"parent":938,"menu_order":0,"comment_status":"closed","ping_status":"closed","template":"","meta":{"_editorskit_title_hidden":false,"_editorskit_reading_time":0,"_editorskit_is_block_options_detached":false,"_editorskit_block_options_position":"{}","footnotes":""},"aioseo_notices":[],"_links":{"self":[{"href":"https:\/\/adcap.org.br\/index.php\/wp-json\/wp\/v2\/pages\/951"}],"collection":[{"href":"https:\/\/adcap.org.br\/index.php\/wp-json\/wp\/v2\/pages"}],"about":[{"href":"https:\/\/adcap.org.br\/index.php\/wp-json\/wp\/v2\/types\/page"}],"author":[{"embeddable":true,"href":"https:\/\/adcap.org.br\/index.php\/wp-json\/wp\/v2\/users\/1"}],"replies":[{"embeddable":true,"href":"https:\/\/adcap.org.br\/index.php\/wp-json\/wp\/v2\/comments?post=951"}],"version-history":[{"count":3,"href":"https:\/\/adcap.org.br\/index.php\/wp-json\/wp\/v2\/pages\/951\/revisions"}],"predecessor-version":[{"id":20557,"href":"https:\/\/adcap.org.br\/index.php\/wp-json\/wp\/v2\/pages\/951\/revisions\/20557"}],"up":[{"embeddable":true,"href":"https:\/\/adcap.org.br\/index.php\/wp-json\/wp\/v2\/pages\/938"}],"wp:attachment":[{"href":"https:\/\/adcap.org.br\/index.php\/wp-json\/wp\/v2\/media?parent=951"}],"curies":[{"name":"wp","href":"https:\/\/api.w.org\/{rel}","templated":true}]}}