{"id":6677,"date":"2016-05-09T18:27:36","date_gmt":"2016-05-09T18:27:36","guid":{"rendered":"http:\/\/www.adcap.org.br\/?page_id=6677"},"modified":"2019-11-05T18:23:15","modified_gmt":"2019-11-05T18:23:15","slug":"sindis","status":"publish","type":"page","link":"https:\/\/adcap.org.br\/index.php\/sindis\/","title":{"rendered":"Sindis"},"content":{"rendered":"[vc_row][vc_column][vc_column_text]\n<p class=\"ecxMsoNormal\"><a href=\"http:\/\/adcap.sindis.com.br\"><img decoding=\"async\" loading=\"lazy\" class=\"alignnone size-full wp-image-6688\" style=\"display: none;\" src=\"http:\/\/www.adcap.org.br\/wp-content\/uploads\/account.png\" alt=\"account\" width=\"574\" height=\"154\" \/><\/a><\/p>\n<h1 class=\"x_MsoNormal\" style=\"text-align: center;\"><b>ATUALIZA\u00c7\u00c3O CADASTRAL<\/b><\/h1>\n<h1><\/h1>\n<h3 class=\"x_MsoNormal\" style=\"text-align: left;\"><b>PASSO A PASSO<\/b><\/h3>\n<p>&nbsp;<\/p>\n<p class=\"x_MsoNormal\"><b>1 &#8211; <\/b>Clique no link abaixo:<\/p>\n<p><a href=\"https:\/\/app.higestor.com.br\/portal\/adcap-associacao-dos-profissionais-dos-correios\">https:\/\/app.higestor.com.br\/portal\/adcap-associacao-dos-profissionais-dos-correios<\/a><\/p>\n<p class=\"x_MsoNormal\"><strong>2 &#8211;<\/strong>\u00a0Para o primeiro acesso clicar em: <strong>Criar minha conta. (Caso j\u00e1 tenha criado uma senha de acesso, basta digitar o CPF e a senha);<\/strong><\/p>\n<p><strong>3 &#8211; <\/strong>Digite o <strong>CPF<\/strong>;<\/p>\n<p>4 &#8211; Criar <strong>senha<\/strong> e <strong>confirmar<\/strong>;<\/p>\n<p>5 &#8211; Clicar em <strong>Registrar;<\/strong><\/p>\n<p>6 &#8211; Clicar em <strong>MENU<\/strong>, em seguida <strong>INFORMA\u00c7\u00d5ES PESSOAIS<\/strong> e <strong>EDITAR<\/strong>.<\/p>\n<p>7 &#8211; Ap\u00f3s preencher todos os campos clicar em <strong>GRAVAR<\/strong>.<\/p>\n<p><b><i>OBSERVA\u00c7\u00d5ES:\u00a0<\/i><\/b><\/p>\n<p class=\"x_MsoNormal\">Caso n\u00e3o consiga acesso ao sistema, com certeza est\u00e1 faltando dados obrigat\u00f3rios em seu cadastro, como por exemplo: CPF.<\/p>\n<p class=\"x_MsoNormal\">Diante disso, solicitamos que encaminhe e-mail para <a href=\"mailto:cadastro@adcap.org.br\">\u00a0cadastro@adcap.org.br <\/a>\u00a0, informando os seguintes dados:<\/p>\n<p><strong>Nome<\/strong><br \/>\n<strong>CPF<\/strong><br \/>\n<strong>Matr\u00edcula<\/strong><br \/>\n<strong>Associado ativo ou Aposentado<\/strong><\/p>\n<p>Ap\u00f3s an\u00e1lise, voc\u00ea receber\u00e1 uma resposta com os procedimentos, que dever\u00e3o ser adotados para a atualiza\u00e7\u00e3o do seu cadastro.[\/vc_column_text][\/vc_column][\/vc_row]\n","protected":false},"excerpt":{"rendered":"<p>[vc_row][vc_column][vc_column_text] ATUALIZA\u00c7\u00c3O CADASTRAL PASSO A PASSO &nbsp; 1 &#8211; Clique no link abaixo: https:\/\/app.higestor.com.br\/portal\/adcap-associacao-dos-profissionais-dos-correios 2 &#8211;\u00a0Para o primeiro acesso clicar em: Criar minha conta. (Caso j\u00e1 tenha criado uma senha&hellip;<\/p>\n","protected":false},"author":1,"featured_media":0,"parent":0,"menu_order":0,"comment_status":"closed","ping_status":"closed","template":"","meta":{"_editorskit_title_hidden":false,"_editorskit_reading_time":0,"_editorskit_is_block_options_detached":false,"_editorskit_block_options_position":"{}","footnotes":""},"aioseo_notices":[],"_links":{"self":[{"href":"https:\/\/adcap.org.br\/index.php\/wp-json\/wp\/v2\/pages\/6677"}],"collection":[{"href":"https:\/\/adcap.org.br\/index.php\/wp-json\/wp\/v2\/pages"}],"about":[{"href":"https:\/\/adcap.org.br\/index.php\/wp-json\/wp\/v2\/types\/page"}],"author":[{"embeddable":true,"href":"https:\/\/adcap.org.br\/index.php\/wp-json\/wp\/v2\/users\/1"}],"replies":[{"embeddable":true,"href":"https:\/\/adcap.org.br\/index.php\/wp-json\/wp\/v2\/comments?post=6677"}],"version-history":[{"count":0,"href":"https:\/\/adcap.org.br\/index.php\/wp-json\/wp\/v2\/pages\/6677\/revisions"}],"wp:attachment":[{"href":"https:\/\/adcap.org.br\/index.php\/wp-json\/wp\/v2\/media?parent=6677"}],"curies":[{"name":"wp","href":"https:\/\/api.w.org\/{rel}","templated":true}]}}