{"id":5671,"date":"2015-11-18T21:52:57","date_gmt":"2015-11-18T21:52:57","guid":{"rendered":"http:\/\/www.adcap.org.br\/?page_id=5671"},"modified":"2025-06-04T17:24:17","modified_gmt":"2025-06-04T17:24:17","slug":"amazonasroraima","status":"publish","type":"page","link":"https:\/\/adcap.org.br\/index.php\/nucleos-regionais\/amazonasroraima\/","title":{"rendered":"Amazonas\/Roraima"},"content":{"rendered":"<p><b>DIRETORIA EXECUTIVA<\/b><\/p>\n<div>\n<p><strong>Presidente:<\/strong> Jayme Aranha Chacon Junior<br \/>\n<strong>Vice-Presidente:<\/strong> Robson Bezera de Faria<br \/>\n<strong>Secret\u00e1rio-Geral:<\/strong> Walderiza Viana Correa<br \/>\n<strong>Diretor Administrativo e Financeiro:<\/strong> Irene Soares da Silva<br \/>\n<strong>Diretor de Comunica\u00e7\u00e3o e Desenvolvimento:<\/strong> Jesualdo Loureiro Sena<br \/>\n<strong>Diretor de Rela\u00e7\u00f5es Funcionais:<\/strong> Cleoberto da Silva Brand\u00e3o<br \/>\n<strong>Diretor de Rela\u00e7\u00f5es Externas:<\/strong> Rosilene Dos Santos Castro<br \/>\n<strong>Diretor Jur\u00eddico:<\/strong> Pl\u00ednio Novaes Pinto<br \/>\n<strong>Diretor de Aposentados e Previd\u00eancia:<\/strong> Irene Paula de Lima<\/p>\n<\/div>\n<p>&nbsp;<\/p>\n<div><b>CONSELHO FISCAL<\/b><\/div>\n<div><\/div>\n<div>Ana Cristina Da Costa Caruta<\/div>\n<div>Dinorah Cleyde Brand\u00e3o<\/div>\n<div>Edmilson Da Costa Melo<\/div>\n<div>Maria Margarida Carvalho De Araujo<\/div>\n<div>Ronaldo Evangelista Teixeira<\/div>\n<div>\n<p>&nbsp;<\/p>\n<\/div>\n<p><b>E-mails contatos:<\/b>\u00a0<a href=\"mailto:robsonbfaria@bol.com.br\" rel=\"noreferrer\">robsonbfaria@bol.com.br<\/a>\u00a0\/\u00a0<a href=\"mailto:cjaymearanha@yahoo.com.br\" rel=\"noreferrer\">cjaymearanha@yahoo.com.br<\/a><\/p>\n","protected":false},"excerpt":{"rendered":"<p>DIRETORIA EXECUTIVA Presidente: Jayme Aranha Chacon Junior Vice-Presidente: Robson Bezera de Faria Secret\u00e1rio-Geral: Walderiza Viana Correa Diretor Administrativo e Financeiro: Irene Soares da Silva Diretor de Comunica\u00e7\u00e3o e Desenvolvimento: Jesualdo&hellip;<\/p>\n","protected":false},"author":1,"featured_media":0,"parent":993,"menu_order":0,"comment_status":"closed","ping_status":"closed","template":"","meta":{"_editorskit_title_hidden":false,"_editorskit_reading_time":0,"_editorskit_is_block_options_detached":false,"_editorskit_block_options_position":"{}","footnotes":""},"aioseo_notices":[],"_links":{"self":[{"href":"https:\/\/adcap.org.br\/index.php\/wp-json\/wp\/v2\/pages\/5671"}],"collection":[{"href":"https:\/\/adcap.org.br\/index.php\/wp-json\/wp\/v2\/pages"}],"about":[{"href":"https:\/\/adcap.org.br\/index.php\/wp-json\/wp\/v2\/types\/page"}],"author":[{"embeddable":true,"href":"https:\/\/adcap.org.br\/index.php\/wp-json\/wp\/v2\/users\/1"}],"replies":[{"embeddable":true,"href":"https:\/\/adcap.org.br\/index.php\/wp-json\/wp\/v2\/comments?post=5671"}],"version-history":[{"count":2,"href":"https:\/\/adcap.org.br\/index.php\/wp-json\/wp\/v2\/pages\/5671\/revisions"}],"predecessor-version":[{"id":20225,"href":"https:\/\/adcap.org.br\/index.php\/wp-json\/wp\/v2\/pages\/5671\/revisions\/20225"}],"up":[{"embeddable":true,"href":"https:\/\/adcap.org.br\/index.php\/wp-json\/wp\/v2\/pages\/993"}],"wp:attachment":[{"href":"https:\/\/adcap.org.br\/index.php\/wp-json\/wp\/v2\/media?parent=5671"}],"curies":[{"name":"wp","href":"https:\/\/api.w.org\/{rel}","templated":true}]}}