{"id":5669,"date":"2015-11-18T21:52:29","date_gmt":"2015-11-18T21:52:29","guid":{"rendered":"http:\/\/www.adcap.org.br\/?page_id=5669"},"modified":"2025-06-04T16:01:46","modified_gmt":"2025-06-04T16:01:46","slug":"alagoas","status":"publish","type":"page","link":"https:\/\/adcap.org.br\/index.php\/nucleos-regionais\/alagoas\/","title":{"rendered":"Alagoas"},"content":{"rendered":"<p><b><strong>DIRETORIA EXECUTIVA<\/strong><\/b><\/p>\n<p><strong>Presidente: <\/strong>Anderson Alves Vilela<br \/>\n<strong>Vice-Presidente: <\/strong>Jer\u00f4nimo dos Anjos Oliveira<br \/>\n<strong>Secret\u00e1rio Geral: <\/strong>Cl\u00e9bio Lima Carvalho<br \/>\n<strong>Diretor Administrativo e Financeiro: <\/strong>Adilson Batista Leite<br \/>\n<strong>Diretor de Comunica\u00e7\u00e3o e Desenvolvimento: <\/strong>Sheyla Lopes Dias dos Santos<br \/>\n<strong>Diretor de Rela\u00e7\u00f5es Funcionais: <\/strong>Jos\u00e9 Roberto Cardozo Mota<br \/>\n<strong>Diretor de Rela\u00e7\u00f5es Externas: <\/strong>Rose\u00e9le Cristina Costa de Lima<\/p>\n<p>&nbsp;<\/p>\n<p><b><strong>CONSELHO FISCAL<\/strong><\/b><\/p>\n<div>Ant\u00f4nio Soares da Silva<\/div>\n<div>Edinelson Fernandes da Silva<\/div>\n<div>Heitor Jos\u00e9 da Silva<\/div>\n<div>Maria Elciana Rodrigues de Andrade<br \/>\nRonaldo Barbosa<\/div>\n<div>\n<p>&nbsp;<\/p>\n<\/div>\n<p><b>E<\/b><b>-mail: <\/b><a href=\"mailto:adcap.al@gmail.com\">adcap.al@gmail.com<\/a><\/p>\n","protected":false},"excerpt":{"rendered":"<p>DIRETORIA EXECUTIVA Presidente: Anderson Alves Vilela Vice-Presidente: Jer\u00f4nimo dos Anjos Oliveira Secret\u00e1rio Geral: Cl\u00e9bio Lima Carvalho Diretor Administrativo e Financeiro: Adilson Batista Leite Diretor de Comunica\u00e7\u00e3o e Desenvolvimento: Sheyla Lopes&hellip;<\/p>\n","protected":false},"author":1,"featured_media":0,"parent":993,"menu_order":0,"comment_status":"closed","ping_status":"closed","template":"","meta":{"_editorskit_title_hidden":false,"_editorskit_reading_time":0,"_editorskit_is_block_options_detached":false,"_editorskit_block_options_position":"{}","footnotes":""},"aioseo_notices":[],"_links":{"self":[{"href":"https:\/\/adcap.org.br\/index.php\/wp-json\/wp\/v2\/pages\/5669"}],"collection":[{"href":"https:\/\/adcap.org.br\/index.php\/wp-json\/wp\/v2\/pages"}],"about":[{"href":"https:\/\/adcap.org.br\/index.php\/wp-json\/wp\/v2\/types\/page"}],"author":[{"embeddable":true,"href":"https:\/\/adcap.org.br\/index.php\/wp-json\/wp\/v2\/users\/1"}],"replies":[{"embeddable":true,"href":"https:\/\/adcap.org.br\/index.php\/wp-json\/wp\/v2\/comments?post=5669"}],"version-history":[{"count":3,"href":"https:\/\/adcap.org.br\/index.php\/wp-json\/wp\/v2\/pages\/5669\/revisions"}],"predecessor-version":[{"id":20223,"href":"https:\/\/adcap.org.br\/index.php\/wp-json\/wp\/v2\/pages\/5669\/revisions\/20223"}],"up":[{"embeddable":true,"href":"https:\/\/adcap.org.br\/index.php\/wp-json\/wp\/v2\/pages\/993"}],"wp:attachment":[{"href":"https:\/\/adcap.org.br\/index.php\/wp-json\/wp\/v2\/media?parent=5669"}],"curies":[{"name":"wp","href":"https:\/\/api.w.org\/{rel}","templated":true}]}}