{"id":20603,"date":"2025-12-01T14:45:27","date_gmt":"2025-12-01T14:45:27","guid":{"rendered":"https:\/\/adcap.org.br\/?page_id=20603"},"modified":"2025-12-01T14:45:28","modified_gmt":"2025-12-01T14:45:28","slug":"regimentos","status":"publish","type":"page","link":"https:\/\/adcap.org.br\/index.php\/regimentos\/","title":{"rendered":"Regimentos"},"content":{"rendered":"\n<h1 class=\"wp-block-heading\">Conhe\u00e7a AQUI<\/h1>\n\n\n\n<ul>\n  <li>\n    <a href=\"https:\/\/adcap.org.br\/wp-content\/uploads\/Ata-aprovacao-regimento-Registrado.pdf\" target=\"_blank\" style=\"text-decoration: underline\" rel=\"noopener\">Ata de aprova\u00e7\u00e3o do Regimento do Conselho Nacional<\/a> \n  <\/li>\n  <li>\n    <a href=\"https:\/\/adcap.org.br\/wp-content\/uploads\/Regimento-CN.pdf\" target=\"_blank\" style=\"text-decoration: underline\" rel=\"noopener\">Regimento do Conselho Nacional<\/a>\n  <\/li>\n<\/ul>\n","protected":false},"excerpt":{"rendered":"<p>Conhe\u00e7a AQUI Ata de aprova\u00e7\u00e3o do Regimento do Conselho Nacional Regimento do Conselho Nacional<\/p>\n","protected":false},"author":1,"featured_media":0,"parent":0,"menu_order":0,"comment_status":"closed","ping_status":"closed","template":"","meta":{"_editorskit_title_hidden":false,"_editorskit_reading_time":0,"_editorskit_is_block_options_detached":false,"_editorskit_block_options_position":"{}","footnotes":""},"aioseo_notices":[],"_links":{"self":[{"href":"https:\/\/adcap.org.br\/index.php\/wp-json\/wp\/v2\/pages\/20603"}],"collection":[{"href":"https:\/\/adcap.org.br\/index.php\/wp-json\/wp\/v2\/pages"}],"about":[{"href":"https:\/\/adcap.org.br\/index.php\/wp-json\/wp\/v2\/types\/page"}],"author":[{"embeddable":true,"href":"https:\/\/adcap.org.br\/index.php\/wp-json\/wp\/v2\/users\/1"}],"replies":[{"embeddable":true,"href":"https:\/\/adcap.org.br\/index.php\/wp-json\/wp\/v2\/comments?post=20603"}],"version-history":[{"count":6,"href":"https:\/\/adcap.org.br\/index.php\/wp-json\/wp\/v2\/pages\/20603\/revisions"}],"predecessor-version":[{"id":20609,"href":"https:\/\/adcap.org.br\/index.php\/wp-json\/wp\/v2\/pages\/20603\/revisions\/20609"}],"wp:attachment":[{"href":"https:\/\/adcap.org.br\/index.php\/wp-json\/wp\/v2\/media?parent=20603"}],"curies":[{"name":"wp","href":"https:\/\/api.w.org\/{rel}","templated":true}]}}