{"id":11917,"date":"2019-04-04T01:50:28","date_gmt":"2019-04-04T01:50:28","guid":{"rendered":"http:\/\/www.adcap.org.br\/?page_id=11917"},"modified":"2019-04-04T01:50:28","modified_gmt":"2019-04-04T01:50:28","slug":"marcos-cesar-alves-silva","status":"publish","type":"page","link":"https:\/\/adcap.org.br\/index.php\/marcos-cesar-alves-silva\/","title":{"rendered":"MARCOS C\u00c9SAR ALVES SILVA"},"content":{"rendered":"<p style=\"text-align: justify;\"><b>MARCOS C\u00c9SAR ALVES SILVA<\/b><\/p>\n<p style=\"text-align: justify;\"><b>Vice-Presidente<\/b><\/p>\n<p style=\"text-align: justify;\"><span style=\"font-weight: 400;\">Administrador Postal S\u00eanior. Formado pela Escola Superior de Administra\u00e7\u00e3o Postal, em 198. Primeiro membro eleito pelos trabalhadores para o Conselho de Administra\u00e7\u00e3o dos Correios (2013\/2018). Experi\u00eancia de mais de 30 anos em cargos gerenciais e executivos nas \u00e1reas de administra\u00e7\u00e3o, operacional e comercial dos Correios. Participa\u00e7\u00e3o em diversos projetos estrat\u00e9gicos dos Correios, entre os quais: &#8211; IMPLANTA\u00c7\u00c3O DA PRIMEIRA REDE CORPORATIVA DE DADOS DOS CORREIOS; &#8211; BANCO POSTAL; &#8211; PORTF\u00d3LIO DE SERVI\u00c7OS DE MARKETING DIRETO; &#8211; NOVO MALOTE; &#8211; SEDEX 10, SEDEX HOJE, DISQUE COLETA; &#8211; GTI DE MODERNIZA\u00c7\u00c3O DOS CORREIOS \u2013 LEI N\u00ba 12.490\/11; &#8211; PLANEJAMENTO ESTRAT\u00c9GICO \u2013 CORREIOS 2020; &#8211; CORREIOS CELULAR. <\/span><a href=\"mailto:marcos.c.a.silva@gmail.com\"><span style=\"font-weight: 400;\">marcos.c.a.silva@gmail.com<\/span><\/a><\/p>\n","protected":false},"excerpt":{"rendered":"<p>MARCOS C\u00c9SAR ALVES SILVA Vice-Presidente Administrador Postal S\u00eanior. Formado pela Escola Superior de Administra\u00e7\u00e3o Postal, em 198. Primeiro membro eleito pelos trabalhadores para o Conselho de Administra\u00e7\u00e3o dos Correios (2013\/2018).&hellip;<\/p>\n","protected":false},"author":1,"featured_media":0,"parent":0,"menu_order":0,"comment_status":"closed","ping_status":"closed","template":"","meta":{"_editorskit_title_hidden":false,"_editorskit_reading_time":0,"_editorskit_is_block_options_detached":false,"_editorskit_block_options_position":"{}","footnotes":""},"aioseo_notices":[],"_links":{"self":[{"href":"https:\/\/adcap.org.br\/index.php\/wp-json\/wp\/v2\/pages\/11917"}],"collection":[{"href":"https:\/\/adcap.org.br\/index.php\/wp-json\/wp\/v2\/pages"}],"about":[{"href":"https:\/\/adcap.org.br\/index.php\/wp-json\/wp\/v2\/types\/page"}],"author":[{"embeddable":true,"href":"https:\/\/adcap.org.br\/index.php\/wp-json\/wp\/v2\/users\/1"}],"replies":[{"embeddable":true,"href":"https:\/\/adcap.org.br\/index.php\/wp-json\/wp\/v2\/comments?post=11917"}],"version-history":[{"count":0,"href":"https:\/\/adcap.org.br\/index.php\/wp-json\/wp\/v2\/pages\/11917\/revisions"}],"wp:attachment":[{"href":"https:\/\/adcap.org.br\/index.php\/wp-json\/wp\/v2\/media?parent=11917"}],"curies":[{"name":"wp","href":"https:\/\/api.w.org\/{rel}","templated":true}]}}

MARCOS CÉSAR ALVES SILVA

<p style="text-align: justify;"><b>MARCOS CÉSAR ALVES SILVA</b></p>
<p style="text-align: justify;"><b>Vice-Presidente</b></p>
<p style="text-align: justify;"><span style="font-weight: 400;">Administrador Postal Sênior. Formado pela Escola Superior de Administração Postal, em 198. Primeiro membro eleito pelos trabalhadores para o Conselho de Administração dos Correios (2013/2018). Experiência de mais de 30 anos em cargos gerenciais e executivos nas áreas de administração, operacional e comercial dos Correios. Participação em diversos projetos estratégicos dos Correios, entre os quais: &#8211; IMPLANTAÇÃO DA PRIMEIRA REDE CORPORATIVA DE DADOS DOS CORREIOS; &#8211; BANCO POSTAL; &#8211; PORTFÓLIO DE SERVIÇOS DE MARKETING DIRETO; &#8211; NOVO MALOTE; &#8211; SEDEX 10, SEDEX HOJE, DISQUE COLETA; &#8211; GTI DE MODERNIZAÇÃO DOS CORREIOS – LEI Nº 12.490/11; &#8211; PLANEJAMENTO ESTRATÉGICO – CORREIOS 2020; &#8211; CORREIOS CELULAR. </span><a href="mailto:marcos.c.a.silva@gmail.com"><span style="font-weight: 400;">marcos.c.a.silva@gmail.com</span></a></p>

<p>MARCOS CÉSAR ALVES SILVA Vice-Presidente Administrador Postal Sênior. Formado pela Escola Superior de Administração Postal, em 198. Primeiro membro eleito pelos trabalhadores para o Conselho de Administração dos Correios (2013/2018).&hellip;</p>
