{"id":11857,"date":"2019-04-04T00:58:28","date_gmt":"2019-04-04T00:58:28","guid":{"rendered":"http:\/\/www.adcap.org.br\/?page_id=11857"},"modified":"2019-04-04T00:58:28","modified_gmt":"2019-04-04T00:58:28","slug":"joaquim-edeval-regis-magalhaes","status":"publish","type":"page","link":"https:\/\/adcap.org.br\/index.php\/joaquim-edeval-regis-magalhaes\/","title":{"rendered":"Joaquim Edeval Regis Magalh\u00e3es"},"content":{"rendered":"<p style=\"text-align: justify;\"><b>Diretor de Rela\u00e7\u00f5es Externas<\/b><\/p>\n<p>Joaquim Edeval Regis Magalh\u00e3es<\/p>\n<p style=\"text-align: justify;\"><span style=\"font-weight: 400;\">Administrador de Correios Sr. Formado em Ci\u00eancias Econ\u00f4micas com especializa\u00e7\u00e3o em Planejamento Governamental pela UNEB-BEB e An\u00e1lise de Sistemas pela UCB, MBA em Governan\u00e7a de TI, com 18 anos de ECT, trabalhando na \u00e1rea de Tecnologia da Informa\u00e7\u00e3o, tendo exercido fun\u00e7\u00f5es de Assessor de Chefe de Departamento, Subchefe de Departamento, Gerente de Projeto n\u00edvel I, Gerente Corporativo e chefe de Departamento. Atuou na diretoria da ADCAP n\u00facleo Bras\u00edlia como Diretor de Neg\u00f3cios de Correios entre 2010 e 2013 e como Diretor Administrativo Financeiro entre 2013 e 2016.\u00a0 <\/span><\/p>\n<p style=\"text-align: justify;\"><a href=\"mailto:joaquim.edeval@gmail.com\"><span style=\"font-weight: 400;\">joaquim.edeval@gmail.com<\/span><\/a><span style=\"font-weight: 400;\"> &#8211; Fone: (61) 99706533<\/span><\/p>\n","protected":false},"excerpt":{"rendered":"<p>Diretor de Rela\u00e7\u00f5es Externas Joaquim Edeval Regis Magalh\u00e3es Administrador de Correios Sr. Formado em Ci\u00eancias Econ\u00f4micas com especializa\u00e7\u00e3o em Planejamento Governamental pela UNEB-BEB e An\u00e1lise de Sistemas pela UCB, MBA&hellip;<\/p>\n","protected":false},"author":1,"featured_media":0,"parent":0,"menu_order":0,"comment_status":"closed","ping_status":"closed","template":"","meta":{"_editorskit_title_hidden":false,"_editorskit_reading_time":0,"_editorskit_is_block_options_detached":false,"_editorskit_block_options_position":"{}","footnotes":""},"aioseo_notices":[],"_links":{"self":[{"href":"https:\/\/adcap.org.br\/index.php\/wp-json\/wp\/v2\/pages\/11857"}],"collection":[{"href":"https:\/\/adcap.org.br\/index.php\/wp-json\/wp\/v2\/pages"}],"about":[{"href":"https:\/\/adcap.org.br\/index.php\/wp-json\/wp\/v2\/types\/page"}],"author":[{"embeddable":true,"href":"https:\/\/adcap.org.br\/index.php\/wp-json\/wp\/v2\/users\/1"}],"replies":[{"embeddable":true,"href":"https:\/\/adcap.org.br\/index.php\/wp-json\/wp\/v2\/comments?post=11857"}],"version-history":[{"count":0,"href":"https:\/\/adcap.org.br\/index.php\/wp-json\/wp\/v2\/pages\/11857\/revisions"}],"wp:attachment":[{"href":"https:\/\/adcap.org.br\/index.php\/wp-json\/wp\/v2\/media?parent=11857"}],"curies":[{"name":"wp","href":"https:\/\/api.w.org\/{rel}","templated":true}]}}

Joaquim Edeval Regis Magalhães

<p style="text-align: justify;"><b>Diretor de Relações Externas</b></p>
<p>Joaquim Edeval Regis Magalhães</p>
<p style="text-align: justify;"><span style="font-weight: 400;">Administrador de Correios Sr. Formado em Ciências Econômicas com especialização em Planejamento Governamental pela UNEB-BEB e Análise de Sistemas pela UCB, MBA em Governança de TI, com 18 anos de ECT, trabalhando na área de Tecnologia da Informação, tendo exercido funções de Assessor de Chefe de Departamento, Subchefe de Departamento, Gerente de Projeto nível I, Gerente Corporativo e chefe de Departamento. Atuou na diretoria da ADCAP núcleo Brasília como Diretor de Negócios de Correios entre 2010 e 2013 e como Diretor Administrativo Financeiro entre 2013 e 2016.  </span></p>
<p style="text-align: justify;"><a href="mailto:joaquim.edeval@gmail.com"><span style="font-weight: 400;">joaquim.edeval@gmail.com</span></a><span style="font-weight: 400;"> &#8211; Fone: (61) 99706533</span></p>

<p>Diretor de Relações Externas Joaquim Edeval Regis Magalhães Administrador de Correios Sr. Formado em Ciências Econômicas com especialização em Planejamento Governamental pela UNEB-BEB e Análise de Sistemas pela UCB, MBA&hellip;</p>
