{"id":11828,"date":"2019-04-04T00:24:43","date_gmt":"2019-04-04T00:24:43","guid":{"rendered":"http:\/\/www.adcap.org.br\/?page_id=11828"},"modified":"2019-04-04T00:24:43","modified_gmt":"2019-04-04T00:24:43","slug":"jose-oliberio-alves","status":"publish","type":"page","link":"https:\/\/adcap.org.br\/index.php\/jose-oliberio-alves\/","title":{"rendered":"Jos\u00e9 Oliberio Alves"},"content":{"rendered":"<p style=\"text-align: justify;\"><b>Presidente<\/b><\/p>\n<p style=\"text-align: justify;\"><strong>Jos\u00e9 Oliberio Alves<\/strong><\/p>\n<p style=\"text-align: justify;\"><span style=\"font-weight: 400;\">Formado em Ci\u00eancias Cont\u00e1beis pela UFMG e p\u00f3s-graduado em Gest\u00e3o Empresarial (BKR\/FGV-BH) e Gest\u00e3o de Pessoas (FGV-BSB).<\/span><\/p>\n<p style=\"text-align: justify;\"><span style=\"font-weight: 400;\">Atuou em diversas fun\u00e7\u00f5es na Diretoria Regional de Minas Gerais, incluindo Diretor Regional Adjunto. Na Administra\u00e7\u00e3o Central atuou como Gerente Corporativo e Chefe do Departamento de Rela\u00e7\u00f5es Sindicais e do Trabalho. Representou a Empresa nas Negocia\u00e7\u00f5es Coletivas de Trabalho por mais de uma d\u00e9cada. Membro e Coordenador da Comiss\u00e3o de \u00c9tica dos Correios por dois mandatos. Coordenador do F\u00f3rum Nacional de Gest\u00e3o da \u00c9tica nas Empresas Estatais, no bi\u00eanio 2016\/2017. Professor de Negocia\u00e7\u00e3o Empresarial e Rela\u00e7\u00f5es do Trabalho na UCB.<\/span><\/p>\n<p style=\"text-align: justify;\"><a href=\"mailto:oliberioalves@gmail.com\"><span style=\"font-weight: 400;\">oliberioalves@gmail.com<\/span><\/a><span style=\"font-weight: 400;\"> \u2013 (61) 98103-1920<\/span><\/p>\n","protected":false},"excerpt":{"rendered":"<p>Presidente Jos\u00e9 Oliberio Alves Formado em Ci\u00eancias Cont\u00e1beis pela UFMG e p\u00f3s-graduado em Gest\u00e3o Empresarial (BKR\/FGV-BH) e Gest\u00e3o de Pessoas (FGV-BSB). Atuou em diversas fun\u00e7\u00f5es na Diretoria Regional de Minas&hellip;<\/p>\n","protected":false},"author":1,"featured_media":0,"parent":0,"menu_order":0,"comment_status":"closed","ping_status":"closed","template":"","meta":{"_editorskit_title_hidden":false,"_editorskit_reading_time":0,"_editorskit_is_block_options_detached":false,"_editorskit_block_options_position":"{}","footnotes":""},"aioseo_notices":[],"_links":{"self":[{"href":"https:\/\/adcap.org.br\/index.php\/wp-json\/wp\/v2\/pages\/11828"}],"collection":[{"href":"https:\/\/adcap.org.br\/index.php\/wp-json\/wp\/v2\/pages"}],"about":[{"href":"https:\/\/adcap.org.br\/index.php\/wp-json\/wp\/v2\/types\/page"}],"author":[{"embeddable":true,"href":"https:\/\/adcap.org.br\/index.php\/wp-json\/wp\/v2\/users\/1"}],"replies":[{"embeddable":true,"href":"https:\/\/adcap.org.br\/index.php\/wp-json\/wp\/v2\/comments?post=11828"}],"version-history":[{"count":0,"href":"https:\/\/adcap.org.br\/index.php\/wp-json\/wp\/v2\/pages\/11828\/revisions"}],"wp:attachment":[{"href":"https:\/\/adcap.org.br\/index.php\/wp-json\/wp\/v2\/media?parent=11828"}],"curies":[{"name":"wp","href":"https:\/\/api.w.org\/{rel}","templated":true}]}}